 61
Let z(d) = -d**2 + 4*d - 10. Let i be z(5). What are the prime factors of 15/2*(-54)/i?
3
Let l(q) = 5*q**2 + 5*q + 6. Suppose 0 = -2*n + v - 3, -2*n = 2*n - 4*v. What are the prime factors of l(n)?
2, 3
Let l(a) = -153*a - 1. List the prime factors of l(-1).
2, 19
Suppose 4*p + 2*m + 2 + 0 = 0, -p + 4 = -4*m. Suppose -3*b + 3*t + 36 = 0, 5*t = -p*b - 4*b + 57. What are the prime factors of b?
13
Suppose 5*k + q - 80 = 6*q, 4*k = -2*q + 52. List the prime factors of k.
2, 7
Let h(p) = p**3 - p**2 - p + 11. Let o be -4*(2 + (-15)/6). Let i be (o + -1*2)/(-2). List the prime factors of h(i).
11
Let h = 135 - 69. What are the prime factors of h?
2, 3, 11
Let c = 1 + -1. Let m(h) = -h**2 + 13*h + 3. Let u be m(11). Suppose -5*i + 3*a = a - u, c = -2*a + 10. List the prime factors of i.
7
Suppose m - 18 = 13. What are the prime factors of m?
31
Let o(t) = -t**3 + 5*t**2 - 4*t + 4. Let j be o(4). Let h be (-4)/(2 + 0) + -2. Let a = j - h. List the prime factors of a.
2
Suppose 19 + 35 = 3*x. Let g(w) = -3*w**2 + 2*w + 3. Let j be g(-2). Let d = x + j. What are the prime factors of d?
5
Let x be 5/(-5)*(0 - 2). Suppose -x*y + 18 = y. What are the prime factors of y?
2, 3
Suppose -22 = 3*f - 4*f. Let o = f + -13. What are the prime factors of o?
3
What are the prime factors of -3 + (21 - (0 + 0))?
2, 3
Let m = -11 + 48. List the prime factors of m.
37
Let f(i) = -5*i + 1. Let c be f(-11). Suppose 0 = -0*p - 4*p + c. What are the prime factors of p?
2, 7
Let y = 81 - 30. Let x = -12 + y. List the prime factors of x.
3, 13
Suppose a = -h - 5, -3*a - 7 = 2. What are the prime factors of 4 + 0 - h - -1?
7
Let h(c) = c + 17. What are the prime factors of h(-7)?
2, 5
Suppose 0*v - 3*v = -66. What are the prime factors of v?
2, 11
Let c(k) = -2 - 8*k - 6*k + 15*k - 3*k. Let w be 3/(0 + 1 - 2). What are the prime factors of c(w)?
2
Let i(u) = u**3 + 5*u**2 - 8*u + 4. Let a be i(-6). Let m be (-2)/(-10) + a/20. Suppose 0 = 3*x + 3*s - 12, 2*x + 5 = 5*s - m. List the prime factors of x.
2
Let m = -149 + 325. What are the prime factors of m?
2, 11
Let g(z) = -8*z + 1. Let v be g(-4). List the prime factors of 202/22 - 6/v.
3
What are the prime factors of ((-52)/12 - -4) + 1220/6?
7, 29
Suppose 2*r - m - 3*m - 72 = 0, 5*m + 10 = 0. What are the prime factors of r?
2
Suppose -2*b + 93 = b. What are the prime factors of b?
31
Suppose 0*h - l = -4*h + 31, -4*l - 12 = -2*h. Let b = h - 3. List the prime factors of 3*(b/3 - -1).
2
Let g be (-8)/6*(-6)/(-4). List the prime factors of (-2 - -1)/(g/14).
7
Let t = -25 - -33. Suppose 9*b - t*b = 54. List the prime factors of b.
2, 3
Let g(k) = -k - 22. Let v be g(-9). List the prime factors of (-8)/52 - 80/v.
2, 3
Let a(i) be the first derivative of i**4/2 - i**3/6 - 2*i - 1. Let r(h) be the first derivative of a(h). List the prime factors of r(1).
5
Let p = -3 + 7. Let c(m) = 2*m - 6. Let l(r) = 2*r - 6. Let k(q) = 7*c(q) - 6*l(q). List the prime factors of k(p).
2
Let c(z) = z**2 + 9*z + 8. Let p be c(-10). Suppose 0 = -m + 3*m - p. List the prime factors of m.
3
Let x(n) = n - 2. Let d be x(2). Let b = -6 - -8. Suppose d = -b*o + 5*o - 30. What are the prime factors of o?
2, 5
Suppose -5*h + 2*c + 24 = -165, -35 = -h - c. List the prime factors of h.
37
Let r(d) = d**3 - 4*d**2 - 17*d - 2. Let n(f) = -7*f. Let u be n(-1). List the prime factors of r(u).
2, 13
Let n(y) = y**3 - y**2 - y. Let m be (-4)/18 - (-7)/(-9). Let a be n(m). List the prime factors of ((-40)/(-12))/(a/(-3)).
2, 5
Let f = -10 + 134. What are the prime factors of f?
2, 31
What are the prime factors of (-4)/(((-30)/(-27))/(-5))?
2, 3
List the prime factors of (-22)/44 - 2/((-4)/643).
3, 107
Let d(l) = l**2 - l - 2. Let f be d(-2). Suppose -f*u = -10 - 6. Let s(c) = c**2 - c - 1. List the prime factors of s(u).
11
List the prime factors of 4/8 - 4/((-24)/279).
47
Suppose 180*n = 185*n - 50. What are the prime factors of n?
2, 5
List the prime factors of 434/9 - 4/18.
2, 3
Let v(b) = b**2 + 10*b. Let d be v(-10). Suppose d = a - 3*a + 22. List the prime factors of a.
11
Suppose -a + 28 = -0*a. What are the prime factors of (-8)/a + 135/7?
19
Suppose 5*t - 12 = 73. List the prime factors of t.
17
What are the prime factors of (-198)/(-4) - (-5)/(-20)*2?
7
Suppose -3*v + k + 71 = -3*k, -3*v + 2*k = -73. What are the prime factors of v?
5
Let h = 15 - -29. Suppose a - 3*a + h = 3*u, -16 = -3*u + 5*a. List the prime factors of u.
2, 3
Let u = 30 + -16. Let t be 4/u - 24/(-14). Suppose -t*v + 37 = -11. What are the prime factors of v?
2, 3
Let u(z) = z**3 + z**2 - z + 5. Let j(o) = 1. Let t(c) = -6*j(c) + u(c). What are the prime factors of t(2)?
3
Let z(l) = -l**3 + 12*l**2 - 12*l. Let o be z(8). Suppose -9*m = -13*m + o. What are the prime factors of m?
2, 5
Suppose -3*d + 3*u = 33, 7*d + 53 = 4*d - 2*u. Let k = d + 25. What are the prime factors of k?
2, 5
Let d(z) = -6*z**3 + 22*z**2 + 11*z + 10. Let m(f) = -5*f**3 + 21*f**2 + 11*f + 9. Let x(h) = -6*d(h) + 7*m(h). List the prime factors of x(-14).
3, 5
Let i(s) = s**3 + s - 2. Let x be i(0). Let q = x + 5. Suppose 34 = -2*g + 5*g - 2*v, g + 7 = -q*v. List the prime factors of g.
2
Let k = -52 + 95. List the prime factors of k.
43
Let g be 3/(2 - 15/12). Suppose -5*w + 30 = -5*i, -3*i - 4 = -g*w + 15. Let p = i - -11. What are the prime factors of p?
2, 3
Suppose 3*c = -4*c + 112. Let g = c - -12. List the prime factors of g.
2, 7
What are the prime factors of 2189/33 - (8/6 - 1)?
2, 3, 11
Let k be (3 - 3)/(3/1). Suppose 2*c + q - 31 = k, -39 = -3*c + 2*q - q. List the prime factors of c.
2, 7
Let c(y) = y**2 - y - 1. Let p(a) = 6*a + 7. Let h(i) = c(i) + p(i). What are the prime factors of h(-4)?
2
Suppose i - 2*d - 19 = 19, 4*i - 5*d - 155 = 0. What are the prime factors of i?
2, 5
Let i(u) = u**3 - 10*u**2 - 7*u - 4. Let t be i(11). Suppose 5*h - t = p - 2*p, -5*h = -4*p - 40. List the prime factors of h.
2
Let r(a) = a**3 - 7*a**2 + 4*a + 1. Let p be r(6). Let l be 0 + (-2)/((-4)/(-6)). Let d = l - p. What are the prime factors of d?
2
List the prime factors of -3*(-2 + (-350)/6).
181
Let h(b) = -4*b - 9. Let y be h(-6). Let l be (3/(-2))/(y/(-1120)). What are the prime factors of l/8 - 6/2?
11
Suppose g + 110 = -4*g. Let u be (-568)/g - 8/(-44). Suppose 0*y - 3*y - 4*i = -39, u = 2*y - i. List the prime factors of y.
13
List the prime factors of -3*(-46)/6*10/2.
5, 23
Let t(b) = 7*b + 45. What are the prime factors of t(19)?
2, 89
Suppose 0 = -0*u + 3*u + 4*g - 299, u - g = 95. What are the prime factors of u?
97
Suppose m - 441 = -i, m - 406 = -5*i + 31. What are the prime factors of m?
2, 13, 17
Let m = 291 - 169. List the prime factors of m.
2, 61
Suppose -3*u = 3*t - 30, -3*u + 0*u = -12. What are the prime factors of t?
2, 3
Let o(i) be the third derivative of -i**6/120 - 7*i**5/60 - i**4/3 - i**3/6 - 2*i**2. Let s be (-16)/20*30/4. List the prime factors of o(s).
11
Suppose -k = 4*k + 10. What are the prime factors of (2 - 0) + k - -5?
5
Let w(c) = -6*c - 1. Let m(y) = 11*y + 2. Let l(i) = -3*m(i) - 7*w(i). List the prime factors of l(1).
2, 5
Suppose -5*b - 2*c - 43 = -6*c, -b - 9 = -c. Let a = b + 12. List the prime factors of -2*2/(-4)*a.
5
Let t(b) = b + 10. Let c be t(-5). Let u = 1 + c. List the prime factors of u.
2, 3
Let z(j) = j - 2. Let m be z(2). Suppose 2*v = -f - 20, m = 4*f + 4*v + v + 65. Let i = 31 + f. What are the prime factors of i?
3, 7
Let f = -90 - -134. List the prime factors of f.
2, 11
Let j(a) = a**2 + 5*a + 9. List the prime factors of j(6).
3, 5
Suppose 0*d + 4*d = 12. Suppose -2*m + m - 3*l = 21, -51 = 3*m - d*l. Let u = 29 + m. What are the prime factors of u?
11
Let s(a) = -2*a**3 - 2*a + 1. Let o be s(1). Let d be 0 - (-2 + 1) - 16. Let x = o - d. What are the prime factors of x?
2, 3
What are the prime factors of (-586)/6*(-3 + 0)?
293
What are the prime factors of 2 + 121/2 - (-1)/2?
3, 7
Let b be 18*6*(-1)/1. Let a(j) = -3*j + 2. Let x be a(-4). What are the prime factors of (-6)/(-21) - b/x?
2
Let x be (-2)/(-2) + (-1 - 2). Let b = -9 + 16. Let f = x + b. List the prime factors of f.
5
Let w be 4/(-1 - 3) + 3. Suppose -2 = w*a - 24. What are the prime factors of a?
11
Let y = 3 - 6. What are the prime factors of 152/(-12)*y/2?
19
Let q = -25 + 251.